32 = -3*o + 7*o. Suppose -g + 35 = 2*d, d = -0*d + 4*g + 22. Let y = d + o. What is the remainder when 28 is divided by y?
8
Suppose 2*p + 4*p = 66. Calculate the remainder when 43 is divided by p.
10
Let i = -13 - -18. Suppose -5*x + 74 = 4*t, -x = -i*t - 0*x + 78. Suppose 10 = 2*r - 84. What is the remainder when r is divided by t?
15
Let q(c) = -c**2 + 16*c - 3. Let j be q(16). What is the remainder when 26*(-1)/(-2) + -2 is divided by (27/(-15))/j*10?
5
Let x(a) = a**3 + 3*a**2 - 3*a - 4. What is the remainder when 18 is divided by x(-3)?
3
Let d(y) = -y**3 - y**2 - 2. Let u be d(-2). Let l = 12 + u. Let p(c) = 41*c**2 + c - 1. What is the remainder when p(1) is divided by l?
13
Let n = 5 - 1. Suppose 0 = n*c - t - 75, 10 = c - 2*t - 0*t. Let x = -55 - -66. Calculate the remainder when c is divided by x.
9
Let u be 3*(1 - -1) - 2. Suppose 95 - 23 = u*g. Calculate the remainder when 51 is divided by g.
15
Suppose 3 = -0*b + b, -76 = -5*f - 2*b. Let h = 22 + 2. Suppose f = x - h. Calculate the remainder when x is divided by 13.
12
Suppose 16 = -2*v + v. Let j = 57 + -27. What is the remainder when j is divided by v*1*(1 + -2)?
14
Let j = -2 + 8. Suppose 6 = 5*u - j*u. Let d = u - -15. What is the remainder when 17 is divided by d?
8
Let g(o) be the third derivative of o**6/40 - o**5/15 + o**4/8 - 2*o**3/3 - 3*o**2. What is the remainder when g(3) is divided by 17?
16
Suppose 19 = 3*u - 11. Calculate the remainder when 28 is divided by u.
8
Let q = -21 + 32. Suppose -3*o + 7 + q = 0. Suppose -o*x + x = -55. Calculate the remainder when x is divided by 7.
4
Let f = 45 - 8. What is the remainder when 145 is divided by f?
34
Suppose -2*p + 5*o + 85 = 0, -p + 4 = 2*o - 25. Suppose -74 = -3*j + 5*r, j - 4*r = -11 + 45. What is the remainder when p is divided by j?
17
Let r = 58 + -36. Let b(t) be the third derivative of -t**5/60 - 3*t**4/4 - 5*t**3/6 + 2*t**2. What is the remainder when r is divided by b(-17)?
10
Let u = 43 + -34. What is the remainder when u is divided by ((-6)/5)/((-6)/15)?
0
Suppose -2*t - 2*m = -0*m, -6 = 2*t - m. Let n(r) = -25*r - 3. Calculate the remainder when n(t) is divided by 12/4 + (3 - -10).
15
What is the remainder when 25 is divided by (-5)/((-9)/2 - (-88)/22)?
5
Let q = 98 + -59. Let r = 13 - 3. Calculate the remainder when q is divided by r.
9
Calculate the remainder when ((-174)/(-9) + 0)*(-3)/(-2) is divided by 4.
1
Let c be (-2)/(-5) - 2/5. Suppose c = -3*z + 6 + 36. Let m(k) = 9*k - 1. What is the remainder when m(3) is divided by z?
12
Let r(k) = -k + 7. Let z be r(7). Suppose -3*m + m - 52 = z. Let w = -12 - m. What is the remainder when w is divided by 8?
6
Suppose -u + 49 = 5*t - 104, 4*u + 3*t = 697. What is the remainder when u is divided by 18?
16
Suppose 5*h + 4*z - 67 = 0, -h + 20 = 5*z - 2*z. Calculate the remainder when 32 is divided by h.
10
Let n(u) = -7*u**3. Suppose 0 = 5*r - 5*v + 20, 0*r + 14 = -2*r + 4*v. What is the remainder when n(r) is divided by 2?
1
Suppose 3*w - 2*c - 41 = 0, -w - 13 + 34 = 3*c. Suppose -w = 3*z + 21. Let h = z - -17. Calculate the remainder when h is divided by 3.
2
Let h be ((-4)/5)/((-1)/5). Suppose -r + 5*f + 15 = 0, 0 = 2*f + h. Suppose -r = -z + 11. Calculate the remainder when 30 is divided by z.
14
Let v = 8 - -6. Calculate the remainder when v is divided by 9.
5
Calculate the remainder when ((-234)/54)/(4/6 + -1) is divided by (-3)/(-1) - 4*-1.
6
Let b = -28 + 42. Let a = -13 + 68. Calculate the remainder when a is divided by b.
13
Let m(p) = p**3 - 13*p**2 - 14*p + 19. Calculate the remainder when m(14) is divided by 11.
8
Suppose 4*m - 7 = 3*z, -2*z + 8 = 2*m - 6. Suppose 75 = -z*u + 8*u. Let v = 18 + 26. What is the remainder when v is divided by u?
14
Suppose -2*z + 43 = -75. What is the remainder when z is divided by 20?
19
Let m(j) be the second derivative of 4/3*j**3 + 1/12*j**4 + 4*j + 0 + 2*j**2. Calculate the remainder when 14 is divided by m(-8).
2
Let h be 2/(((-9)/(-6))/3). Calculate the remainder when h/6 - (-2242)/57 is divided by 14.
12
Let d(b) = b**3 - 11*b**2 + 17. What is the remainder when (-65)/(-2) - (-1)/(-2) is divided by d(11)?
15
Suppose 5*r + 4*f = 90, 4 = 2*r + 2*f - 32. What is the remainder when 33 is divided by r?
15
Let i = 83 - 11. Suppose -k = 3*k - i. Calculate the remainder when 33 is divided by k.
15
Let a be (-12)/(-9) + 1/(-3). Suppose 0 = 2*y - 19 + a. Let k = y - 4. Calculate the remainder when 12 is divided by k.
2
Let l be -1 + -1 + (2 - -1). What is the remainder when (-30 - l)*-1 + 2 is divided by -34*((-3)/6 - 0)?
16
Let i be (-8)/(-6)*(-15)/(-2). Let y = 7 - 13. Let t = y + i. What is the remainder when 6 is divided by t?
2
Let i be (-2)/(-7) - (-130)/35. Suppose 9*f - 205 = i*f. Calculate the remainder when f is divided by 21.
20
Let b = 11 - -20. What is the remainder when b is divided by 17?
14
Let c = -19 + 9. Let j = 74 - 44. Let x = j + c. What is the remainder when x is divided by 11?
9
Suppose -k = 4*j - j - 63, 76 = 4*j + 4*k. What is the remainder when j is divided by 13?
9
Let l be -2*(3 - 9/2). Calculate the remainder when 125 is divided by (-48)/(-10)*20/l.
29
Suppose 2*v - 10 = 8. Suppose 9*f - 4*f - 12 = 4*c, -5*f - 4*c - 12 = 0. Let k = f + 4. Calculate the remainder when v is divided by k.
1
Let b(j) = 22*j**3 + j**2 - j + 1. Suppose 7 = -h + 5*l, 3*h + 0*h - 5*l - 9 = 0. Calculate the remainder when b(1) is divided by h.
7
Let r(o) = o**2 + 6*o - 4. Let d(h) = h**3 - 6*h**2 + 5*h + 4. Let k be d(5). Calculate the remainder when (k/(-6))/((-6)/306) is divided by r(-8).
10
Suppose 11*a = 16*a - 65. Suppose -4*m + 18 = 2. Calculate the remainder when a is divided by m.
1
Suppose a - 204 = -3*a. What is the remainder when a is divided by (3/(-4))/(81/(-1404))?
12
Let j(u) = 7*u. Let x be j(-1). Let c = 27 + x. Calculate the remainder when 59 is divided by c.
19
Let z be 22/(-3) - 10/15. Let r = z + 6. Calculate the remainder when (r - -4) + (0 - -1) is divided by 2.
1
Suppose -9*f = -7*f - 76. Calculate the remainder when 75 is divided by f.
37
Suppose -3*r + 42 = -3. Let c = 625 - 619. Calculate the remainder when r is divided by c.
3
Suppose -3*i + 2 = -i. Calculate the remainder when -2 + (-1 - (i + -36)) is divided by 1*(-1 - -34)/3.
10
Suppose 3*y - 2 + 65 = 0. Let z = y + 39. What is the remainder when 35 is divided by z?
17
Suppose -4 = -3*q - q. Let h = 10 - 5. Suppose 4*m + 1 = h. Calculate the remainder when q is divided by m.
0
Suppose -n + 6 = 2*n. Let a(l) = 0*l**n + 3*l**2 + 2 - l**2 + 5*l**3 - 2*l. What is the remainder when a(2) is divided by 16?
14
Suppose 5*y + 44 = z, 5*y - 76 = -6*z + 2*z. Suppose 138 = -3*c + 5*c. Calculate the remainder when c is divided by z.
21
Suppose -718 = -4*t - 158. What is the remainder when t is divided by 36?
32
Let i = -53 - -132. What is the remainder when i is divided by 27?
25
Let b(j) = -j**2 + 8*j + 1. Let f be b(8). Let n = f - 15. Let p = n - -23. What is the remainder when 25 is divided by p?
7
Let d = 41 - 12. Let t(v) = -3*v**3 + 3*v**2 - 3*v + 1. Let l be t(2). Let j = l + d. What is the remainder when 22 is divided by j?
10
Calculate the remainder when 11 is divided by ((-8)/10)/(2/(-5)).
1
Let v(u) = 2*u**2 - 16*u - 21. Calculate the remainder when 112 is divided by v(10).
17
Let h(x) = x**2 + 5. Suppose -5*g - 47 = -2. Let v be g/3 + -1 + 0. Calculate the remainder when 41 is divided by h(v).
20
Suppose 0 = -6*l + l + 85. What is the remainder when 47 is divided by l?
13
Suppose 3*q - 2 - 4 = 0. Suppose 0 = -2*s + k + 5, -6*k + 3*k + 5 = 4*s. Calculate the remainder when q is divided by s.
0
Suppose -166 - 314 = -4*z. What is the remainder when z is divided by 41?
38
Suppose -n = -0*n - 26. Let s = n - 18. What is the remainder when 14 is divided by s?
6
Let t(d) = -d + 3. What is the remainder when 69 is divided by t(-16)?
12
Suppose 0 = -h - 3*h + 72. Suppose d + 3*g - 41 = 0, 2*d - 59 = -5*g + h. Calculate the remainder when d is divided by 7.
5
Suppose -13 = -k + 3*o + 5, 0 = k - 2*o - 13. Calculate the remainder when (2/k)/(2/36) is divided by 23/4 + 1 + (-6)/(-24).
5
Suppose 4*z + x - 276 = 0, 3*z - 21 - 163 = 5*x. Suppose 0*s - 4*s = -z. Calculate the remainder when s is divided by 6.
5
Calculate the remainder when 29 is div